9
What are the prime factors of 146731208?
2, 13, 108529
What are the prime factors of 313137270?
2, 3, 5, 3479303
What are the prime factors of 68590525?
5, 2743621
List the prime factors of 67865784.
2, 3, 7, 57709
What are the prime factors of 87086307?
3, 7, 11, 277, 1361
What are the prime factors of 4037380471?
19, 212493709
List the prime factors of 2415423.
3, 271, 2971
List the prime factors of 37627304.
2, 11, 13, 31, 1061
What are the prime factors of 1002352424?
2, 1493, 83921
What are the prime factors of 32080838?
2, 43, 233, 1601
List the prime factors of 1178912494.
2, 19, 31024013
What are the prime factors of 5953916479?
7, 149, 5708453
What are the prime factors of 22879839?
3, 7626613
List the prime factors of 27687510.
2, 3, 5, 307639
List the prime factors of 5084918449.
13, 17837, 21929
What are the prime factors of 166107393?
3, 31, 37, 16091
What are the prime factors of 1669104401?
1669104401
List the prime factors of 7472827715.
5, 1494565543
What are the prime factors of 139684727?
7, 13, 23, 66739
What are the prime factors of 1374296771?
19, 72331409
What are the prime factors of 1604117910?
2, 3, 5, 71, 79, 9533
What are the prime factors of 528885363?
3, 37, 41, 251, 463
What are the prime factors of 2525762585?
5, 701, 720617
List the prime factors of 34627123.
4243, 8161
What are the prime factors of 10777123?
7, 19, 81031
What are the prime factors of 475089450?
2, 3, 5, 11, 287933
What are the prime factors of 69009615?
3, 5, 19, 80713
What are the prime factors of 36208575?
3, 5, 13, 12379
List the prime factors of 2928186795.
3, 5, 195212453
What are the prime factors of 374815968?
2, 3, 3904333
What are the prime factors of 42649862?
2, 31, 687901
List the prime factors of 112175898.
2, 3, 811, 23053
List the prime factors of 215474631.
3, 61, 997, 1181
List the prime factors of 1508868580.
2, 5, 31, 2433659
What are the prime factors of 288710316?
2, 3, 31, 61, 4241
List the prime factors of 912550159.
9491, 96149
List the prime factors of 526384412.
2, 131596103
What are the prime factors of 47408624?
2, 59, 50221
List the prime factors of 18591434.
2, 9295717
List the prime factors of 7355394.
2, 3, 19, 67, 107
List the prime factors of 6116597020.
2, 5, 83, 3684697
What are the prime factors of 148238157?
3, 43, 691, 1663
What are the prime factors of 617853406?
2, 17, 461, 39419
What are the prime factors of 18062778?
2, 3, 3010463
What are the prime factors of 297585534?
2, 3, 421, 117809
List the prime factors of 5385957483.
3, 79, 1061, 21419
List the prime factors of 137620848.
2, 3, 17, 191, 883
What are the prime factors of 70667601?
3, 113, 208459
List the prime factors of 721020531.
3, 7, 11, 19, 164279
List the prime factors of 2067394454.
2, 151, 239, 28643
List the prime factors of 9799724.
2, 11, 283, 787
What are the prime factors of 42373654?
2, 787, 26921
What are the prime factors of 1149925708?
2, 3623, 79349
What are the prime factors of 3205287676?
2, 5779, 138661
List the prime factors of 152230151.
53, 97, 29611
List the prime factors of 669017559.
3, 7, 29, 263, 4177
What are the prime factors of 162094598?
2, 31, 2614429
List the prime factors of 95343002.
2, 47671501
What are the prime factors of 1164957366?
2, 3, 797, 243613
What are the prime factors of 392309953?
7, 89, 629711
List the prime factors of 2590478791.
19, 136340989
List the prime factors of 320124314.
2, 17, 9415421
List the prime factors of 616054503.
3, 205351501
What are the prime factors of 152434074?
2, 3, 13, 19, 73, 1409
List the prime factors of 363594478.
2, 13, 41, 341083
List the prime factors of 2661588.
2, 3, 17, 4349
List the prime factors of 53328823.
41, 61, 21323
What are the prime factors of 1828038478?
2, 7, 130574177
What are the prime factors of 1589541426?
2, 3, 11, 66347
What are the prime factors of 1331262252?
2, 3, 389, 95063
List the prime factors of 3836155.
5, 151, 5081
List the prime factors of 35738818.
2, 37, 482957
List the prime factors of 105946366.
2, 47, 271, 4159
List the prime factors of 12807949.
7, 11, 41, 4057
What are the prime factors of 1600232065?
5, 1693, 189041
List the prime factors of 105481725.
3, 5, 41, 34303
List the prime factors of 22792371.
3, 7, 1085351
List the prime factors of 2631832112.
2, 7, 13, 1807577
What are the prime factors of 43352104?
2, 5419013
What are the prime factors of 245896903?
7, 47, 747407
List the prime factors of 164365236.
2, 3, 7, 652243
What are the prime factors of 53739140?
2, 5, 7, 13, 29527
List the prime factors of 1228666042.
2, 263, 331, 7057
What are the prime factors of 318594156?
2, 3, 26549513
List the prime factors of 330357766.
2, 165178883
List the prime factors of 28838781.
3, 1068103
List the prime factors of 25477344.
2, 3, 88463
What are the prime factors of 9017757?
3, 7, 47713
What are the prime factors of 52101381?
3, 61, 284707
What are the prime factors of 106584131?
2969, 35899
What are the prime factors of 131713744?
2, 8232109
What are the prime factors of 1048333477?
1048333477
List the prime factors of 7573019870.
2, 5, 13, 58253999
What are the prime factors of 639680530?
2, 5, 233, 293, 937
What are the prime factors of 4977731093?
19, 23, 229, 49741
What are the prime factors of 158702774?
2, 79351387
What are the prime factors of 38554190?
2, 5, 3855419
List the prime factors of 427749540.
2, 3, 5, 7129159
What are the prime factors of 136399394?
2, 317, 215141
What are the prime factors of 538762728?
2, 3, 7, 3206921
List the prime factors of 17849481.
3, 13, 457679
List the prime factors of 3952593451.
47, 7933, 10601
List the prime factors of 723932812.
2, 383, 472541
What are the prime factors of 25479177?
3, 43, 263, 751
List the prime factors of 2842934368.
2, 37, 2401127
What are the prime factors of 611792357?
11, 281, 197927
What are the prime factors of 191563983?
3, 13, 1637299
List the prime factors of 218756583.
3, 24306287
What are the prime factors of 162100941?
3, 23, 4441
What are the prime factors of 1225190902?
2, 13, 1823, 25849
List the prime factors of 483373797.
3, 10601, 15199
What are the prime factors of 21108706?
2, 31, 307, 1109
What are the prime factors of 168796130?
2, 5, 16879613
List the prime factors of 101397951.
3, 113, 179, 557
What are the prime factors of 6558863898?
2, 3, 263, 4156441
List the prime factors of 4151926457.
7, 107, 791899
List the prime factors of 2249061334.
2, 13, 101, 856459
List the prime factors of 1206182967.
3, 11, 36550999
List the prime factors of 264282092.
2, 66070523
What are the prime factors of 175874127?
3, 11, 13, 19, 21577
What are the prime factors of 150307551?
3, 29, 47, 12253
List the prime factors of 40559314.
2, 17, 59, 20219
What are the prime factors of 159022891?
159022891
List the prime factors of 8513241.
3, 11, 107, 2411
List the prime factors of 607945401.
3, 7, 1378561
What are the prime factors of 6838479579?
3, 2279493193
List the prime factors of 6667840120.
2, 5, 7879, 21157
What are the prime factors of 128524481?
31, 4145951
List the prime factors of 30264145.
5, 101, 59929
What are the prime factors of 31396781?
13, 2415137
List the prime factors of 56518830.
2, 3, 5, 353, 593
What are the prime factors of 684825195?
3, 5, 17, 223, 12043
List the prime factors of 81775858.
2, 257, 159097
List the prime factors of 3144806935.
5, 31, 43, 10973
List the prime factors of 60020328.
2, 3, 2500847
What are the prime factors of 40956771?
3, 2351, 5807
List the prime factors of 494536615.
5, 98907323
List the prime factors of 48538505.
5, 9707701
List the prime factors of 2226462676.
2, 401, 1388069
What are the prime factors of 1145650041?
3, 797, 53239
List the prime factors of 89442909.
3, 397, 25033
List the prime factors of 797649926.
2, 71, 5617253
List the prime factors of 44555466.
2, 3, 7425911
What are the prime factors of 1292225509?
1292225509
List the prime factors of 57968188.
2, 23, 751, 839
What are the prime factors of 735354451?
13, 61, 163, 5689
What are the prime factors of 5025672794?
2, 2512836397
What are the prime factors of 4000350482?
2, 2000175241
List the prime factors of 41236170.
2, 3, 5, 1374539
List the prime factors of 242022138.
2, 3, 463, 87121
What are the prime factors of 